-83 - 61)?
37
Calculate -4 + -9 + (-27 - (-7 + -72)).
39
What is (-1 + 18 - (205 - 207)) + (-7 - 2)?
10
What is 176 - (70 + -21) - (16 - -32)?
79
What is the value of 5 + 6 - 24 - ((6 - 6) + 11)?
-24
30 + (-7 + 13 - 14)
22
(-51 - (3 + 3) - 11) + (30 - (13 - -8))
-59
Evaluate -60 + (58 - 39) + 17.
-24
What is the value of 4 - (2 + 0) - (-17 - -24 - 13)?
8
Calculate (-6 - (-7 - -9 - 7)) + -5 + (-30 - -41).
5
What is the value of 18 + 28 + 3 + 22?
71
Calculate 37 - (-22 + 104 + 7).
-52
Calculate 67 + 0 + -62 - 28.
-23
What is (2 - 35) + 4 + (15 - -1)?
-13
82 - 57 - ((-2 - 0) + 5 - -11)
11
-82 + (-2 - -2) - (65 - (111 - 35))
-71
What is 15019 - 15100 - (1 - 100)?
18
Calculate (-101 - -80) + 3 + (-2 - -9) - 16.
-27
What is -7 - (14 + -35 + 21) - -1?
-6
What is -10 + -18 + -11 + 0 + (202 - 186)?
-23
Evaluate 47 + -1 + -53 + 36.
29
Evaluate 25 - (-1 + 2) - ((153 - -11) + -151).
11
What is -5 + -21 - -20 - (-2 + (-55 - 0))?
51
What is 28 + -137 + 68 + 5?
-36
What is -803 + 807 + (64 - ((-7 - (-4 - 0)) + 3))?
68
Evaluate -69 - (-90 - (-22 + 40)).
39
What is 4 - 12 - (51 + -38) - -34?
13
Calculate (-6 - (-1 - (-3 + -1))) + (0 - -1 - 21).
-29
(27 + -8 - (-19 - -45)) + 12 - -88
93
(-95 - 0) + -9083 + 9168
-10
What is 286 + -293 + 36 + -1 - -10?
38
What is (-39 - -6) + 8 + 9 + 5?
-11
Evaluate (5 - 16 - 4) + 2 + (905 - 892).
0
-1 + 2 + -54 + (-890 - -875) - -21
-47
What is the value of 0 + 27 + (-13771 - -13754)?
10
What is -116 - (-46 + -78 + 15)?
-7
Evaluate 7 + (-21 - -39) + -3 + -30.
-8
What is the value of 25 + 94 + 16 + -76?
59
What is (-10 - (21 + -50)) + -85 - -21?
-45
2 - (4 + -16) - (-12 - (-28 - 57))
-59
Evaluate 1 - -8 - ((24 - -3) + -19 + 7 - -6).
-12
What is -66 + 86 - -19 - (2 + -2 + 2 + -3)?
40
Calculate ((-25 - -7) + 39 - (1 + 10)) + 19.
29
What is the value of -3 - 0 - (-21 + -1 + -5 + (-20 - -10))?
34
(-10 - 1) + 6 - ((35 - (-14 - -33)) + -3)
-18
-26 + 11 + 4 + 130 + -29
90
What is -3 + -20 - (-12 + 25 + (-19 - -2))?
-19
What is -29 + -2 + 3 + (17 - (38 - 27)) + 1?
-21
Calculate 5 + -1 + (36 - 87 - 140) + 65.
-122
What is (-8 - -1) + 12 - (-7 + 9 + -8 - 4)?
15
What is -1 + (6 - (6 - 3)) - (5698 - 5612)?
-84
Evaluate 44 + -5 - (-371 - -431).
-21
What is the value of (-8 + 34 - 3) + (-3 - -1 - (-29 + 20))?
30
((-16 - -2) + 9 - -42) + -24
13
-68 - (-96 + (24 - -81) - (0 + 15 + 0))
-62
-9 + 4 + (16 + -19 - -12)
4
What is 13 - (19 + -11) - 5 - (-1 + -4 + -55)?
60
-492 + 585 + (-29 - 0) - (0 + -9)
73
((11 - 9) + -13 - 3 - 14) + 4 + 1
-23
What is -170 + (-162 - -337) - (3 - (1 + 1 + -1))?
3
What is (0 - 26 - (-914 + 916)) + -30?
-58
27 - (-18 + 6 + 2 - 18)
55
Evaluate -12 - (-6 + 14 + (5 + 2 - (-3 - 36))).
-66
Calculate (5 - -1 - 23 - -21) + -62.
-58
Calculate (-76 - -12) + 508 + -539.
-95
Calculate 4 + (-1 - 16) + (29 - 13) + -42.
-39
What is 26 - ((0 - -1) + 6 + 0 - (-3823 - -3820))?
16
4 + (-9 - (4 - (0 + -2))) + -1 + 8
-4
(-4 - -32) + (33 - (-10 - -25))
46
71 + 102 + -408 + 111
-124
What is the value of (-76 - -21 - -26) + -30 - 6?
-65
What is -38 - (10 + (-4 - (4 - -13)))?
-27
What is 6 - 95 - -28 - -37?
-24
What is the value of 6 + 8 + (-11 - 3) + -7 + (-10 - -29)?
12
Evaluate -8 - 126 - ((-104 - -40) + 30).
-100
9 + (-40 - -57) + -41
-15
What is the value of 114 - (-29 + 47 + -18 + 15)?
99
21260 + -21031 + (-150 - -1)
80
What is the value of -30 + 3 + 20 + -22 + 88?
59
Calculate -27 - (-60 + (-27 - -55)).
5
Calculate -8 - (-27 + 139 + -69).
-51
44 + 4 + (-2 - -4) + (-1 - (12 + -8))
45
Evaluate (10 - 16) + -2 + -1 - (15 + 0 + 13).
-37
What is 37 - (220 - (-74 + 183))?
-74
What is (-32 + 23 - (1 - 22)) + 21?
33
What is the value of -527 + 525 + 0 + (45 - 3) + -14?
26
12 - (45 + -19 + 44 + 22)
-80
What is 23 - (-18 + -36 + 83)?
-6
What is (20 - -1) + 9 + -88 + 89?
31
Evaluate -11 + -56 + 29 - -17.
-21
Evaluate 13 + (11 - 11) + 14 + -25 + 25.
27
What is the value of -2 + -33 + 2 - (-24869 + 24896)?
-60
What is the value of (40 - (-16 + 36) - (-6 - -5)) + -139?
-118
Calculate -11 - (13 - 10) - (29 + -73).
30
What is (-28 - (-52 + 37)) + 46 + -12?
21
What is -50 - (-51 + (41 - 10) + -37)?
7
What is 82 - (130 + -138 - -112)?
-22
Evaluate -94 + (-121 - -247) + (-77 - 2).
-47
What is -16 + 7 + (45 - (-22 + 12 - 0))?
46
What is (330 - 325) + (21 - 0) - (2 - -12)?
12
Evaluate -34 + -1 - (-10 - (-12 + 19) - -22).
-40
(2 - (-22 - 0)) + (-662 - -618)
-20
What is the value of 18 + -8 + 42 - 22?
30
What is the value of 3 + -1 + (-5 - 4) + -18 + 14?
-11
What is the value of 104 + -121 + -3 + (6 - 2 - -89)?
73
What is 10 - (-3 - (37 + (21 - 2) - -18))?
87
What is (-49 - -7 - (204 - 209)) + -9?
-46
What is the value of -3 + 21 - 23 - -24?
19
Calculate 33 + 28 + -5 + 14 + -31.
39
(-1 - 4) + (8943 - 8903)
35
What is (-30 - (-53 + -11)) + -66 - 37?
-69
Evaluate 25 - 35 - ((-12 - -7) + 43).
-48
11 + 60 + -67 - (3 + -3 - 2)
6
Evaluate 55 + 4 + (-37 - (-21 + 11)).
32
What is -6 + (-2 - (-6 + 7)) + -50?
-59
What is 13 + 0 + -53 + (120 - 67)?
13
Evaluate 52 - (0 - -2 - 6 - (-45 - -26 - -15)).
52
-3 + (4 + 10 - (78 + -85))
18
Evaluate -13 - ((-116 - (17 + -6) - -3 - -1) + 6).
104
Evaluate 15 - ((16 - (-6 - 1 - -62)) + 2).
52
What is (-15 - -17) + (-28 - (-31 + -15))?
20
2 + -10 + 9 + 2 + -9 + 10 + 6
10
Evaluate -48 + -25 + (-55 - -78).
-50
What is the value of (-41 - -29) + 0 + 5 + -6 + 84 - 8?
63
Evaluate 4 + (40 - -48) + -5 + -1 + 7 + -5.
88
Evaluate (3 + -11 - (-7 - -8 - -48)) + 8.
-49
-6 + -68 + (-18 - (-2 - (-5 + 15))) + -8
-88
Calculate (1 - 6) + (-4 + 48 - (1 - -14)).
24
Calculate (-16 - -4 - -53) + (134 - 149).
26
What is the value of 7 + -8 + (9 - 3) + 24 + (8 - -4)?
41
Calculate 0 + -47 + -5708 + 5708.
-47
What is 0 - -1 - (12 + -1) - (130 - (367 - 228))?
-1
Evaluate 195 - 172 - (-1 + 14 + 2).
8
(-757 - -688) + (1 - -11) + 23
-34
Evaluate -12 - -16 - (-13 + -32 + 30).
19
What is 75 + -26 + (-22 - 3) + 5?
29
What is the value of 56 + -61 + (20 - 8) + (12 - (-2 - -2))?
19
What is -124 + 33 + (-19 - -75)?
-35
Evaluate -4 - (23 - -41 - 74).
6
What is -87 + (23 - 6) - -25?
-45
Calculate (-5 - (-1 + -9) - (-37 + 5)) + -3.
34
Evaluate -187 + 106 + -26 + 11.
-96
Calculate (95 + -113 - -38) + 56.
76
Evaluate (-37 - (-19 + 1)) + 4 - (7 + (-7 - 7)).
-8
What is (11 + (9 - 25) - -5) + -1?
-1
Calculate 4 - (-15 - 14 - -22 - -47).
-36
What is -6 + -12 + 21 + -2 + (-2 - 3) + 7?
3
What is the value of -107 - (-203 + (126 - 15))?
-15
Evaluate -55 + (1 + 2 - (-6 + 6 + (37 - 29))).
-60
What is the value of -1 + 1 + (-39 - -29) + (-146 - -125)?
-31
What is -11 + -9 + 29 - (2 - 1 - 25)?
33
Evaluate 64 + (-4 - 2) + -847 + 836.
47
Calculate -553 - -563 - (11 - (-2 - 1)).
-4
Evaluate (367 - 344) + -17 + -1 - (-21 + 4 + -4).
26
What is the value of -7 + (0 - (16 - (10 - (-2 + -2)))) - 80?
-89
(16 - -93) + -3 - 130
-24
-5 + (-29 + 0 + 29 - (-12 - 0))
7
-16 - ((1 - -35) + (11 + -14 - 12))
-37
What is the value of (43 - (19 + 38)) + 2 + -1 + 9 - 0?
-4
-24 + -1 - (364 + -395) - (0 + 72)
-66
Calculate -951 - -844 - (-54 + 0).
-53
9 - (11 + -34 + (20 - -135))
-123
Evaluate 79 + -3 - (8 - (-18 + (-18 - -45))).
77
Calculate -36 + -190 + 215 + 26 + 1.
16
Evaluate (17 + 29 - (11 + -11)) + 0.
46
Calculate (2 - (5 + 0)) + (32 - (-5 - -48)).
-14
60 + 13 + (-406 - -343)
10
What is the value of -56 - -1 - (1 + -34 - (-889 + 874))?
-37
What is 49 + -35 + -49 + 3?
-32
Evaluate (-2 - (2 + -4) - -6) + -5 + -12 + -30.
-41
Calculate -97 + 53 - -147 - (3 - (18 - (2 + 1))).
115
Calculate -1 - (5 - (-53 + 4)) - ((23 - 31) + -3).
-44
What is -109 - -97 - (16 - -35)?
-63
What is 6 + 5 - ((4 - -1) + (1 - 5))?
10
1 + 6 + (27 - 0) + 187 + (-439 - -160)
-58
What is the value of 47 + 8 + (-6 - 7) + -9 - -8?
41
What is the value of -98 - ((-23 - (-16 + -22)) + (-6 - (-2 - -6)))?
-103
What is the value of (-146 - -70) + 110 + -53?
-19
Evaluate 27 + (-20 - (8 - 19) - -28).
46
-10 - 87 - -24 - -114
41
What is the value of 1 + 31 - 21 - (12 + -15)?
14
-25 - (10 + -36 + 3)
-2
What is the value of -1 - -13 - (-47 + 92 + -20) - -19?
6
Calculate -129 - -86 - (-60 + 1).
16
What is -18 + (-543 + 551 - (1 - 68)) - (-6 + -1)?
64
19 - (15 - (18 - (-23 - -21)))
24
What is the value of (-21 - (5 + 0 + -30)) + -41?
-37
Evaluate 91 + 46 + -96 + (0 - -35).
76
Evaluate -15 + -17 + (19 - -8) + 20.
15
Evaluate -3 + (24 - (28 - 1